est common divisor of w and 39.
39
Suppose -85 = 6*x - 325. Suppose -2*l + 4 = -0. Let j be ((-32)/(-12))/(l/6). Calculate the highest common divisor of j and x.
8
Suppose -5*i + 22 = 2. Suppose 0 = -i*l + 2*l. Suppose -3*r + 19 + 5 = l. Calculate the greatest common factor of r and 40.
8
Let o be 0 + 167 + -12 + 15. What is the greatest common divisor of o and 102?
34
Suppose 5*b = 4*q + 21, -3*b + 19 = q + 3*q. What is the highest common factor of 1 and q?
1
Suppose 0 = 3*u - j - 155, -100 = -2*u + 11*j - 7*j. Calculate the greatest common divisor of u and 4.
4
Suppose 3*h = -0*h + 24. Let j = 1 - h. Let q(t) = -t + 3. Let b be q(j). Calculate the greatest common factor of b and 40.
10
Let g(h) = -h**3 + 32*h**2 - 66*h + 75. Let x be g(29). What is the highest common divisor of x and 19?
19
Suppose -43*h + 50*h - 609 = 0. What is the highest common divisor of h and 3?
3
Let d = 11 + -16. Let b(m) = 3*m - 1. Let i(p) = 34*p - 9. Let y(z) = 2*b(z) - i(z). Let j be y(d). What is the greatest common divisor of j and 21?
21
Let s(d) = d**2 - 4*d - 3. Suppose 4*n = -n + 4*t + 34, -3*n = 2*t - 16. Let f be s(n). Suppose 4*b + f = 5*b. Calculate the highest common divisor of 27 and b.
9
Suppose 2*l - 2*z = 98, 3*z = -2*l + 8*z + 95. Suppose -7*v + 2*v = l. Let r be ((-16)/10)/(v/175). What is the highest common factor of 224 and r?
28
Let u be (15 - 8) + (3 - 7). What is the greatest common factor of u and 147?
3
Suppose 10 + 22 = 4*f. Let z(q) = -q + 22. Let u be z(f). Let r be 7/((-1)/(-2) - 0). Calculate the highest common factor of r and u.
14
Let x be 386/8 + (-2)/8. Let q = x + -10. Suppose -3*f + q = -2*s, 36 = 2*f - 3*s - s. Calculate the greatest common divisor of 25 and f.
5
Let p be (67 - -29) + 4*2. Calculate the greatest common factor of 104 and p.
104
Let p = -340 + 780. Suppose 5*g - p = -0*g. What is the highest common factor of 22 and g?
22
Let b(t) = t**2 - t - 26. Suppose 28*l - 21*l - 49 = 0. Let k be b(l). What is the greatest common divisor of 2 and k?
2
Let s(o) = 10*o**2 + 2*o + 2. Suppose 4*v + 2*w + 11 = -3, 3*v + 2*w + 13 = 0. Let m be s(v). What is the greatest common divisor of m and 4?
2
Let a(j) = 7*j + 65. Let b be a(-5). Let p = -55 - -100. Calculate the highest common factor of p and b.
15
Suppose 0 = -m + 5*m - 704. Suppose -2*k = -29 - 3. Calculate the highest common divisor of k and m.
16
Let x(t) = 8*t**3 - 3*t**2 + 2*t. Let d be x(2). Let m = 59 + -61. Let p be (96/d)/(m/(-119)). What is the highest common factor of 17 and p?
17
Let m be 48*2 + (-2 - 7) + 8. Calculate the greatest common factor of m and 38.
19
Let d = -13 + 13. Suppose -4*u + 2*u = d. Let c be 0 + u + (-4 - -9). What is the highest common factor of 20 and c?
5
Suppose -5*a + 9*a = -2*k + 586, 4*k - 588 = -4*a. Let l = -143 + a. Calculate the highest common factor of l and 12.
3
Suppose -5*n - 40 = -5*j, 2*j + n + 8 = 24. Calculate the highest common divisor of 92 and j.
4
Let q(f) = f**2 - f + 3. Let b be q(3). Suppose -6 = -4*w - 34. Let t(j) = j**2 - j - 2. Let k be t(w). Calculate the greatest common divisor of b and k.
9
Let f be 5/(105/(-12)) - (-158)/7. Calculate the greatest common factor of f and 418.
22
Suppose -63*p + 9180 = -33*p. What is the greatest common divisor of p and 162?
18
Suppose 13*p - 117 - 91 = 0. What is the greatest common factor of 168 and p?
8
Suppose 81*m = 79*m + 20. What is the greatest common factor of m and 11?
1
Suppose -2*x - 413 = -737. Calculate the highest common divisor of x and 72.
18
Let i = 44 + -20. Let p(x) = -2 + 3*x - 6*x + 1 + 8. Let w be p(-3). What is the highest common factor of i and w?
8
Let p = 3 - 4. Let w be -1 + (p - -3 - 0). Let c(l) = 13*l. Let h be c(w). Calculate the greatest common factor of h and 78.
13
Suppose 2*x = 2*n + 5*x - 66, 4*n + 5*x - 128 = 0. Let c be (-3)/(n/15)*-3. Let d be 8/14 + 66/154. What is the highest common factor of d and c?
1
Let p = 3020 - 2947. What is the highest common divisor of 584 and p?
73
Suppose -2*h - 6 = h. Let b be (-204)/(-8) - 1/h. Let k = 14 + b. Calculate the highest common divisor of k and 16.
8
Let y be (-1 - -13) + -5 + 5. Suppose 732 = -4*g + g. Let s = g - -376. Calculate the greatest common divisor of y and s.
12
Let s(n) = 4*n**2 - 3*n + 25. Let z(g) = 2*g + 30. Let q be z(-18). Let i be s(q). What is the greatest common factor of i and 17?
17
Let n = -1 - 1. Let o = 1 - n. Suppose -3*y = -4*f + 120, 48*f - 38 = 46*f - 4*y. What is the highest common divisor of o and f?
3
Let c(f) = 7*f - 23 + 71*f**2 - 72*f**2 + 8*f. Let v be c(13). Suppose o + 0 = 2. Calculate the greatest common factor of o and v.
1
Let c be ((-9)/(-21))/((-14)/(-98)). Suppose -5*j - 26 = -c*s, -4*s = s + 2*j - 2. What is the greatest common divisor of s and 20?
2
Let g be (7 - 1)/(-3 + (1 - -1)). Let m(b) = 3*b**2 + 18*b + 4. Let c be m(g). Let t be 1/3 - 141/(-9). Calculate the highest common divisor of c and t.
4
Let i(y) = -y**2 + 10*y - 6. Let t = -7 - -16. Let o be i(t). Let x(c) = 30*c**2 - c + 1. Let j be x(1). Calculate the greatest common factor of j and o.
3
Suppose 19*j = 79*j - 4920. What is the highest common factor of j and 2050?
82
Suppose 0 = 77*f - 81*f + 2656. Calculate the greatest common divisor of 83 and f.
83
Suppose -2*m + 1 = -b - 25, -2*b + 8 = 0. Calculate the highest common factor of 15 and m.
15
Let q = -1384 - -1388. Let g = 100 + -68. Calculate the greatest common divisor of g and q.
4
Suppose 0 = 3*f - 15, 6*p = p - 4*f + 1125. Let g be (-4)/(-8) - (-33)/2. What is the greatest common factor of p and g?
17
Let l(q) = 15*q - 185. Let z be l(17). Calculate the highest common divisor of z and 2170.
70
Let b(w) = 27*w**2 - 3*w - 2. Let n be b(-2). What is the highest common divisor of n and 48?
16
Let f be 4/(-32) + 41/8. Suppose f*n = -b + 65, -4*n + 13 = -3*n - 3*b. What is the greatest common factor of 13 and n?
13
Suppose 28*t - 1464 + 120 = 0. What is the highest common factor of t and 3?
3
Suppose 0 = 2*z - 4 + 8. Let f be 1/z*(4 + -14). Suppose a - 2 = 2*q + 49, 4*a = f*q + 210. What is the greatest common factor of 22 and a?
11
Suppose 7*f - 714 = 4*f + h, 0 = -f + h + 238. Calculate the greatest common factor of 34 and f.
34
Suppose -10 - 4 = -7*g. Suppose -4*t + 28 = l - 0*t, g*l + 5*t - 41 = 0. What is the highest common factor of l and 40?
8
Let i(q) = 6*q - 12. Let n be i(10). Suppose -43 = -3*r - g, 0 = -4*r - 0*g + g + n. What is the greatest common factor of 143 and r?
13
Suppose 0 = -10*r + 8*r + 48. Let y be ((-18)/4)/(6/(-80)). What is the greatest common divisor of y and r?
12
Let s(c) = -c**3 + 4*c**2 + 3*c + 4. Let m = -12 + 17. Let y be s(m). Let w be 10/(-15) + (-82)/y. Calculate the highest common divisor of w and 104.
13
Let g be (1 - (-9 - -4))/((-3)/(-2)). Suppose 4*n - 2*n = 5*s + 40, -2*n + 44 = -g*s. Calculate the highest common factor of n and 30.
30
Let a(q) = q**3 - 9*q**2 + q - 4. Let b be a(9). Suppose 0 = y - b + 1. Suppose -5*x = -y*x - 57. What is the highest common factor of 19 and x?
19
Suppose -2*d - 1068 = -2*c, 0 = -4*c + 8*d - 5*d + 2133. What is the greatest common factor of 59 and c?
59
Let h = -995 - -1571. What is the greatest common divisor of h and 36?
36
Let p(i) = 5*i**2 + 3*i + 46. Let u be p(0). What is the highest common factor of 253 and u?
23
Suppose v - 3*t = 15, -3*v - 4*t - 7 = -0*v. Suppose -4*k + 150 = k + 5*n, 3*k - 3*n = 108. What is the highest common divisor of v and k?
3
Suppose -3*m + 38 = 4*x, 4*m = x + x + 36. Let o be (-4 + 5)/((-13)/(-65)). Calculate the highest common divisor of m and o.
5
Let v(k) = k**2 - 10*k + 403. Let j be v(0). Calculate the highest common divisor of j and 31.
31
Let z = -10 + 13. Let m(a) = a**3 - a**2 - a - 4. Let x be m(z). Calculate the highest common divisor of x and 22.
11
Suppose -85*h + 87*h + 409 = 5*a, 91 = a - 5*h. Calculate the highest common factor of 1 and a.
1
Suppose -333 - 330 = -51*t. What is the highest common divisor of t and 832?
13
Suppose 315 - 75 = 6*y. Let u = -29 + y. Suppose -p + u = -0. What is the highest common divisor of 33 and p?
11
Let p = 1266 - 1251. What is the highest common divisor of p and 9?
3
Suppose 24*u - 6 = 21*u. Let g be u/(-4)*1*-2. Let j be g/(-4 + (-25)/(-6)). What is the greatest common fac